{"id":25,"date":"2016-03-10T13:41:46","date_gmt":"2016-03-10T12:41:46","guid":{"rendered":"http:\/\/resinwood.cadcoordinator.se\/?page_id=25"},"modified":"2018-02-12T16:18:07","modified_gmt":"2018-02-12T15:18:07","slug":"tjanster","status":"publish","type":"page","link":"https:\/\/www.levin-vvs.se\/index.php\/tjanster\/","title":{"rendered":"V\u00c5RA TJ\u00c4NSTER"},"content":{"rendered":"<div id=\"pl-25\"  class=\"panel-layout\" ><div id=\"pg-25-0\"  class=\"panel-grid panel-has-style\" ><div class=\"white-bg orange-header panel-row-style panel-row-style-for-25-0\" ><div id=\"pgc-25-0-0\"  class=\"panel-grid-cell\" ><div id=\"panel-25-0-0-0\" class=\"so-panel widget widget_text panel-first-child panel-last-child\" data-index=\"0\" ><h3 class=\"widget-title\">PROJEkTERING<\/h3>\t\t\t<div class=\"textwidget\">Vi utf\u00f6r projektering av b\u00e5de r\u00f6r- och luftbehandlingssystem komplett med mindre styr- och \u00f6vervakningsteknik. Vid st\u00f6rre r\u00f6r- eller luftbehandlingssystem tar vi in en extern konsult som uppr\u00e4ttar beskrivningar f\u00f6r styr- och \u00f6vervakningssystem. \n\nVi \u00e4r beredda att \u00e5ta oss mindre uppdrag inom 2-3 veckor och st\u00f6rre projekt inom 1-2 m\u00e5nader. \n\nVid projekteringsuppdrag anv\u00e4nder vi oss av den senaste datatekniken, f\u00f6r n\u00e4rvarande har vi 5 licenser f\u00f6r AutoCad 2017 med applikationen MagiCad. Samtliga projekt\u00f6rer inom f\u00f6retaget har kunskap av projektering med CAD. Projektering i 3D kan ske om s\u00e5 \u00f6nskas. \n\nVi uppr\u00e4ttar \u00e4ven beskrivningar som ansluter till AMA 2016, vid projekteringsuppdrag d\u00e4r ut\u00f6ver uppr\u00e4ttar vi \u00e4ven rambeskrivningar f\u00f6r totalentreprenader vid exempelvis stambyten i bostadsr\u00e4tts- f\u00f6reningar eller mindre fastighets\u00e4gare.<\/div>\n\t\t<\/div><\/div><\/div><\/div><div id=\"pg-25-1\"  class=\"panel-grid panel-has-style\" ><div class=\"blue-pic-bg panel-row-style panel-row-style-for-25-1\" ><div id=\"pgc-25-1-0\"  class=\"panel-grid-cell\" ><div id=\"panel-25-1-0-0\" class=\"so-panel widget widget_text panel-first-child panel-last-child\" data-index=\"1\" ><div class=\"test-class panel-widget-style panel-widget-style-for-25-1-0-0\" ><h3 class=\"widget-title\">BESIKTNINGAR<\/h3>\t\t\t<div class=\"textwidget\">Vi utf\u00f6r besiktningar som bitr\u00e4dande besiktningsman f\u00f6r samtliga typer av VVS-entreprenader. Bilagor till utl\u00e5tande f\u00f6ljer mallar fr\u00e5n SBR (Svenska Byggingenj\u00f6rers Riksf\u00f6rbund). De som utf\u00f6r besiktningsuppdrag f\u00f6r f\u00f6retaget har genomg\u00e5tt entreprenad- besiktningskurser vid SBR.\n\n\n\n<\/div>\n\t\t<\/div><\/div><\/div><\/div><\/div><div id=\"pg-25-2\"  class=\"panel-grid panel-has-style\" ><div class=\"dark-bg panel-row-style panel-row-style-for-25-2\" ><div id=\"pgc-25-2-0\"  class=\"panel-grid-cell\" ><div id=\"panel-25-2-0-0\" class=\"so-panel widget widget_text panel-first-child panel-last-child\" data-index=\"2\" ><h3 class=\"widget-title\">KONTROLLER<\/h3>\t\t\t<div class=\"textwidget\">Vi utf\u00f6r f\u00f6r best\u00e4llarens r\u00e4kning kontrolluppdrag under entreprenadtiden\nsom sakkunning inom VVS. Vi medverkar vid byggm\u00f6ten och h\u00e5ller i \nkontakterna med r\u00f6r- och ventilationsentrepren\u00f6ren samt tar hand om\/\nf\u00f6ljer upp ekonomisk reglering s.k \u00c4TA.<\/div>\n\t\t<\/div><\/div><\/div><\/div><div id=\"pg-25-3\"  class=\"panel-grid panel-has-style\" ><div class=\"gray-bg panel-row-style panel-row-style-for-25-3\" ><div id=\"pgc-25-3-0\"  class=\"panel-grid-cell\" ><div id=\"panel-25-3-0-0\" class=\"so-panel widget widget_text panel-first-child panel-last-child\" data-index=\"3\" ><h3 class=\"widget-title\">UTREDNINGAR<\/h3>\t\t\t<div class=\"textwidget\">Vi \u00e5tar oss utredningsuppdrag inom VVS, exempel p\u00e5 utredningar kan vara luftkvalitet, luftfl\u00f6den, kontroller av kondition\/status av tapp-, v\u00e4rme- och spillvattenr\u00f6r samt energieffektivitet i vatten- och luftburna system. \n\nVi utf\u00f6r enklare m\u00e4tningar sj\u00e4lva och anv\u00e4nder oss av luftfl\u00f6des-, temperatur-, tryck- och ljudm\u00e4tare. Vid mera komplexa m\u00e4tningar anlitar vi underkonsulter som \u00e4r specialister inom sitt gebit och har tillg\u00e5ng till den mest avancerade utrustningen f\u00f6r att utf\u00f6ra erforderliga m\u00e4tningar.\n\n<\/div>\n\t\t<\/div><\/div><\/div><\/div><div id=\"pg-25-4\"  class=\"panel-grid panel-has-style\" ><div class=\"pic-city-bg panel-row-style panel-row-style-for-25-4\" ><div id=\"pgc-25-4-0\"  class=\"panel-grid-cell\" ><div id=\"panel-25-4-0-0\" class=\"so-panel widget widget_text panel-first-child panel-last-child\" data-index=\"4\" ><div class=\"city so-parallax panel-widget-style panel-widget-style-for-25-4-0-0\" ><img fetchpriority=\"high\" decoding=\"async\" width=\"2000\" height=\"641\" src=\"https:\/\/www.levin-vvs.se\/wp-content\/uploads\/2016\/03\/bg-city.png\" class=\"attachment-full size-full\" alt=\"\" data-siteorigin-parallax=\"true\" loading=\"eager\" srcset=\"https:\/\/www.levin-vvs.se\/wp-content\/uploads\/2016\/03\/bg-city.png 2000w, https:\/\/www.levin-vvs.se\/wp-content\/uploads\/2016\/03\/bg-city-300x96.png 300w, https:\/\/www.levin-vvs.se\/wp-content\/uploads\/2016\/03\/bg-city-768x246.png 768w, https:\/\/www.levin-vvs.se\/wp-content\/uploads\/2016\/03\/bg-city-1024x328.png 1024w, https:\/\/www.levin-vvs.se\/wp-content\/uploads\/2016\/03\/bg-city-1200x385.png 1200w\" sizes=\"(max-width: 709px) 85vw, (max-width: 909px) 67vw, (max-width: 1362px) 62vw, 840px\" \/><h3 class=\"widget-title\">FUNKTIONSKONTROLLER<\/h3>\t\t\t<div class=\"textwidget\">Vi utf\u00f6r funktionskontroll av ventilationssystem, stora som sm\u00e5, allt fr\u00e5n mindre flerfamiljshus, bostadsr\u00e4ttsf\u00f6reningar till de mera avancerade ventilationssystemen i kontors- eller hotellkomplex. \n\nSaknas det driftkort f\u00f6r ventilationsanl\u00e4ggningen kan vi hj\u00e4lpa till med uppr\u00e4ttande av nya i samband med OVK.\n<\/div>\n\t\t<\/div><\/div><\/div><\/div><\/div><\/div>","protected":false},"excerpt":{"rendered":"<p>Vi utf\u00f6r projektering av b\u00e5de r\u00f6r- och luftbehandlingssystem komplett med mindre styr- och \u00f6vervakningsteknik. Vid st\u00f6rre r\u00f6r- eller luftbehandlingssystem tar vi in en extern konsult som uppr\u00e4ttar beskrivningar f\u00f6r styr- och \u00f6vervakningssystem. Vi \u00e4r beredda att \u00e5ta oss mindre uppdrag inom 2-3 veckor och st\u00f6rre projekt inom 1-2 m\u00e5nader. Vid projekteringsuppdrag anv\u00e4nder vi oss av &hellip; <a href=\"https:\/\/www.levin-vvs.se\/index.php\/tjanster\/\" class=\"more-link\">Forts\u00e4tt l\u00e4sa<span class=\"screen-reader-text\"> \u201dV\u00c5RA TJ\u00c4NSTER\u201d<\/span><\/a><\/p>\n","protected":false},"author":1,"featured_media":0,"parent":0,"menu_order":0,"comment_status":"closed","ping_status":"closed","template":"","meta":{"footnotes":""},"class_list":["post-25","page","type-page","status-publish","hentry"],"_links":{"self":[{"href":"https:\/\/www.levin-vvs.se\/index.php\/wp-json\/wp\/v2\/pages\/25","targetHints":{"allow":["GET"]}}],"collection":[{"href":"https:\/\/www.levin-vvs.se\/index.php\/wp-json\/wp\/v2\/pages"}],"about":[{"href":"https:\/\/www.levin-vvs.se\/index.php\/wp-json\/wp\/v2\/types\/page"}],"author":[{"embeddable":true,"href":"https:\/\/www.levin-vvs.se\/index.php\/wp-json\/wp\/v2\/users\/1"}],"replies":[{"embeddable":true,"href":"https:\/\/www.levin-vvs.se\/index.php\/wp-json\/wp\/v2\/comments?post=25"}],"version-history":[{"count":12,"href":"https:\/\/www.levin-vvs.se\/index.php\/wp-json\/wp\/v2\/pages\/25\/revisions"}],"predecessor-version":[{"id":373,"href":"https:\/\/www.levin-vvs.se\/index.php\/wp-json\/wp\/v2\/pages\/25\/revisions\/373"}],"wp:attachment":[{"href":"https:\/\/www.levin-vvs.se\/index.php\/wp-json\/wp\/v2\/media?parent=25"}],"curies":[{"name":"wp","href":"https:\/\/api.w.org\/{rel}","templated":true}]}}